{"id":844,"date":"2018-03-24T17:38:19","date_gmt":"2018-03-24T16:38:19","guid":{"rendered":"http:\/\/localhost\/feldwegpresse_neu\/?page_id=844"},"modified":"2018-12-02T13:04:26","modified_gmt":"2018-12-02T12:04:26","slug":"vergangenes","status":"publish","type":"page","link":"https:\/\/www.harrisfeldwegpresse.de\/blog\/vergangenes\/","title":{"rendered":"Vergangenes"},"content":{"rendered":"<h2>Was fr\u00fcher geschah<\/h2>\n<p>Im Hinterhof-Waschhaus eines Anwesens im M\u00fcnchner Norden gegr\u00fcndet, ist die Presse bisher zweimal umgezogen und residiert mittlerweile in Schweinfurt.<br \/>\nUnd dort im Erdgeschoss der Kulturwerkstatt Disharmonie am Main.<\/p>\n<p><a href=\"https:\/\/www.harrisfeldwegpresse.de\/blog\/wp-content\/uploads\/2015\/08\/Annoncierung.jpg\" target=\"_blank\" rel=\"noopener\"><img decoding=\"async\" loading=\"lazy\" class=\"bild-left alignnone wp-image-384 size-medium\" src=\"https:\/\/www.harrisfeldwegpresse.de\/blog\/wp-content\/uploads\/2015\/08\/Annoncierung-203x300.jpg\" alt=\"\" width=\"203\" height=\"300\" srcset=\"https:\/\/www.harrisfeldwegpresse.de\/blog\/wp-content\/uploads\/2015\/08\/Annoncierung-203x300.jpg 203w, https:\/\/www.harrisfeldwegpresse.de\/blog\/wp-content\/uploads\/2015\/08\/Annoncierung.jpg 283w\" sizes=\"(max-width: 203px) 100vw, 203px\" \/><\/a> Ab 1978 waren Peter Galle und Werner Enke die Akteure beim Setzen, Drucken \u2013 und Vertrieb der Produkte.<br \/>\nDie Gegenbuchmesse, die Buchmesse und die Minipressenmesse waren die Kulminationspunkte des\u00a0 Firmenimperiums. Jetzt muss es die Webseite richten. Diese soll nun Licht ins Dunkel der Geschichte und in die \u00d6ffentlichkeit bringen.<\/p>\n<h2><span style=\"color: #993300;\">What happened so far<\/span><\/h2>\n<p><span style=\"color: #993300;\"><a href=\"https:\/\/www.harrisfeldwegpresse.de\/blog\/wp-content\/uploads\/2015\/08\/SchriftmusterWEB.jpg\" target=\"_blank\" rel=\"noopener\"><img decoding=\"async\" loading=\"lazy\" class=\"bild-right alignnone wp-image-390 size-medium\" src=\"https:\/\/www.harrisfeldwegpresse.de\/blog\/wp-content\/uploads\/2015\/08\/SchriftmusterWEB-211x300.jpg\" alt=\"\" width=\"211\" height=\"300\" srcset=\"https:\/\/www.harrisfeldwegpresse.de\/blog\/wp-content\/uploads\/2015\/08\/SchriftmusterWEB-211x300.jpg 211w, https:\/\/www.harrisfeldwegpresse.de\/blog\/wp-content\/uploads\/2015\/08\/SchriftmusterWEB.jpg 397w\" sizes=\"(max-width: 211px) 100vw, 211px\" \/><\/a><\/span><\/p>\n<p><span style=\"color: #993300;\">The Harrisfeldweg Press has been operating since 1978. In the beginning we were a collaborative team of two. When the press was relocated in 1981 I lost my partner, so since then I have to do everything myself.<\/span><br \/>\n<span style=\"color: #993300;\"> I have been working ever since according to mood and inclination. I am a typographer and printer by profession and run the hand-operated printing press whenever there is some time.<\/span><br \/>\n<span style=\"color: #993300;\"> The press was founded in Munich and is now situated in Schweinfurt, Lower Franconia.<\/span><\/p>\n<h5>Some products of the press can be found in the collections of the following institutions:<\/h5>\n<h5><span style=\"color: #993300;\">Victoria &amp; Albert Museum, London<\/span><br \/>\n<span style=\"color: #993300;\">The Sackner Archive of Concrete and Visual Poetry<\/span><br \/>\n<span style=\"color: #993300;\">National Gallery of Australia, Canberrra<br \/>\nLibrary of the Australian National University, Canberra<\/span><br \/>\n<span style=\"color: #993300;\">State Library of New South Whales, Sydney<\/span><br \/>\n<span style=\"color: #993300;\">State Library of\u00a0 Queensland, Brisbane<\/span><br \/>\n<span style=\"color: #993300;\">State Library of\u00a0 South Australia, Adelaide<\/span><br \/>\n<span style=\"color: #993300;\">State Library of\u00a0 Victoria, Melborne<\/span><br \/>\n<span style=\"color: #993300;\">National Library of New Zealand (<i>Te Puna M\u0101tauranga o Aotearoa<\/i>), Wellington<br \/>\nRijksmuseum Meermanno-Westreenianum, Amsterdam<\/span><br \/>\n<span style=\"color: #993300;\">Universit\u00e4tsbibliothek Basel<\/span><br \/>\n<span style=\"color: #993300;\">Zentral- und Hochschulbibliothek Luzern<\/span><br \/>\n<span style=\"color: #993300;\">Staats- und Universit\u00e4tsbibliothek Hamburg<\/span><br \/>\n<span style=\"color: #993300;\">Universit\u00e4tsbibliothek\u00a0 Frankfurt am Main<br \/>\nKlingspor Museum, Offenbach<\/span><br \/>\n<span style=\"color: #993300;\">Bayerische Staatsbibliothek M\u00fcnchen<\/span><br \/>\n<span style=\"color: #993300;\">Deutsche Nationalbibliothek Leipzig\/Frankfurt<\/span><\/h5>\n<p>&nbsp;<\/p>\n<h1>Neujahrskarte 2015 auf 2016<\/h1>\n<p>Die traditionelle Neujahrs-Karte besch\u00e4ftigt sich diesmal mit Friedrich R\u00fcckert. Wohl weil die Harrisfeldwegpresse im Jahr 2016 ein kleines Werk dieses Dichters herausbringen wollte. Wie oben bereits beschrieben.<\/p>\n<p><a href=\"https:\/\/www.harrisfeldwegpresse.de\/blog\/wp-content\/uploads\/2015\/12\/Ru\u0308ckert-Gedichte-Leine.jpg\" target=\"_blank\" rel=\"noopener\"><img decoding=\"async\" loading=\"lazy\" class=\"bild-left alignnone wp-image-690 size-medium\" src=\"https:\/\/www.harrisfeldwegpresse.de\/blog\/wp-content\/uploads\/2015\/12\/Ru\u0308ckert-Gedichte-Leine-300x159.jpg\" alt=\"\" width=\"300\" height=\"159\" srcset=\"https:\/\/www.harrisfeldwegpresse.de\/blog\/wp-content\/uploads\/2015\/12\/Ru\u0308ckert-Gedichte-Leine-300x159.jpg 300w, https:\/\/www.harrisfeldwegpresse.de\/blog\/wp-content\/uploads\/2015\/12\/Ru\u0308ckert-Gedichte-Leine-1024x542.jpg 1024w, https:\/\/www.harrisfeldwegpresse.de\/blog\/wp-content\/uploads\/2015\/12\/Ru\u0308ckert-Gedichte-Leine.jpg 1259w\" sizes=\"(max-width: 300px) 100vw, 300px\" \/><\/a><\/p>\n<p>Man sieht hier das Typenkonglomerat in Form einer Sanduhr, das sich im unteren Teil zu einem Gedichtanfang von R\u00fcckert ausbildet.<\/p>\n<p>Unten sieht man die Neujahrskarte 2015\/16 in sortierter und einigerma\u00dfen geordneter Form. Wenn es schlie\u00dflich nach dem Druck so aufger\u00e4umt in der Werkstatt ist, ist schon mal ein Gro\u00dfteil der Arbeit getan.<\/p>\n<p><a href=\"https:\/\/www.harrisfeldwegpresse.de\/blog\/wp-content\/uploads\/2016\/01\/Gedicht-geordnet.jpg\" target=\"_blank\" rel=\"noopener\"><img decoding=\"async\" loading=\"lazy\" class=\"alignnone wp-image-737 size-medium\" src=\"https:\/\/www.harrisfeldwegpresse.de\/blog\/wp-content\/uploads\/2016\/01\/Gedicht-geordnet-300x177.jpg\" alt=\"\" width=\"300\" height=\"177\" srcset=\"https:\/\/www.harrisfeldwegpresse.de\/blog\/wp-content\/uploads\/2016\/01\/Gedicht-geordnet-300x177.jpg 300w, https:\/\/www.harrisfeldwegpresse.de\/blog\/wp-content\/uploads\/2016\/01\/Gedicht-geordnet-1024x603.jpg 1024w, https:\/\/www.harrisfeldwegpresse.de\/blog\/wp-content\/uploads\/2016\/01\/Gedicht-geordnet.jpg 1573w\" sizes=\"(max-width: 300px) 100vw, 300px\" \/><\/a><\/p>\n","protected":false},"excerpt":{"rendered":"<p>Was fr\u00fcher geschah Im Hinterhof-Waschhaus eines Anwesens im M\u00fcnchner Norden gegr\u00fcndet, ist die Presse bisher zweimal umgezogen und residiert mittlerweile in Schweinfurt. Und dort im Erdgeschoss der Kulturwerkstatt Disharmonie am Main. Ab 1978 waren Peter Galle und Werner Enke die Akteure beim Setzen, Drucken \u2013 und Vertrieb der Produkte. Die Gegenbuchmesse, die Buchmesse und die [&hellip;]<\/p>\n","protected":false},"author":1,"featured_media":0,"parent":0,"menu_order":0,"comment_status":"closed","ping_status":"closed","template":"","meta":{"footnotes":""},"_links":{"self":[{"href":"https:\/\/www.harrisfeldwegpresse.de\/blog\/wp-json\/wp\/v2\/pages\/844"}],"collection":[{"href":"https:\/\/www.harrisfeldwegpresse.de\/blog\/wp-json\/wp\/v2\/pages"}],"about":[{"href":"https:\/\/www.harrisfeldwegpresse.de\/blog\/wp-json\/wp\/v2\/types\/page"}],"author":[{"embeddable":true,"href":"https:\/\/www.harrisfeldwegpresse.de\/blog\/wp-json\/wp\/v2\/users\/1"}],"replies":[{"embeddable":true,"href":"https:\/\/www.harrisfeldwegpresse.de\/blog\/wp-json\/wp\/v2\/comments?post=844"}],"version-history":[{"count":2,"href":"https:\/\/www.harrisfeldwegpresse.de\/blog\/wp-json\/wp\/v2\/pages\/844\/revisions"}],"predecessor-version":[{"id":918,"href":"https:\/\/www.harrisfeldwegpresse.de\/blog\/wp-json\/wp\/v2\/pages\/844\/revisions\/918"}],"wp:attachment":[{"href":"https:\/\/www.harrisfeldwegpresse.de\/blog\/wp-json\/wp\/v2\/media?parent=844"}],"curies":[{"name":"wp","href":"https:\/\/api.w.org\/{rel}","templated":true}]}}